**3 + 2*l**2 + 45*l + 45. Calculate z(-1).
-44
Let n(j) = -10*j - 62. Give n(-6).
-2
Let y(x) = -x**3 + 10*x + 98. Determine y(0).
98
Let j(n) = n**2 - 9*n - 251. Determine j(15).
-161
Let l(y) = y - 24. What is l(23)?
-1
Let b(a) = -a**3 + 4*a**2 + 6*a - 14. Give b(4).
10
Let f(j) = -j**3 - 6*j**2 + 41*j + 19. What is f(-10)?
9
Let d(v) = -3*v**3 + 27*v**2 + 72*v - 46. Give d(11).
20
Let g(x) = -x**2 - 43*x + 241. Determine g(-46).
103
Let t(m) = -m**2 - 10*m + 128. Give t(8).
-16
Let u(l) = 138*l + 556. Give u(-4).
4
Let n(i) = -147*i - 2212. What is n(-15)?
-7
Let u(v) = -7*v - 689. What is u(-98)?
-3
Let v(z) = -2*z**2 + 19*z - 29. Give v(6).
13
Let s(w) = 3*w**3 + 65*w**2 - 3*w + 433. Give s(-22).
15
Let x(k) = 2*k**3 + k**2 - 5*k - 15. Calculate x(-3).
-45
Let a(t) = 2*t**3 + 88*t**2 + 684*t + 24. Determine a(-10).
-16
Let n(j) = 38*j**2 + 69*j + 140. Determine n(-2).
154
Let k(h) = -4*h**3 + 13*h**2 - 2*h + 3. What is k(3)?
6
Let n(p) = -152*p + 1035. Give n(7).
-29
Let m(n) = n**3 + 18*n**2 + 6*n + 79. Determine m(-18).
-29
Let m(c) = 183*c + 10605. Give m(-58).
-9
Let y(s) = 5*s**2 - 28*s + 9. What is y(5)?
-6
Let x(t) = 884*t - 37997. What is x(43)?
15
Let h(w) = -942*w + 883. Determine h(1).
-59
Let w(a) = a**3 + 44*a**2 + 116*a - 78. Determine w(-41).
209
Let c(h) = 178*h - 2492. Give c(14).
0
Let k(r) = -r**3 + 27*r**2 + 42*r - 398. Determine k(28).
-6
Let c(j) = 154*j + 9089. What is c(-59)?
3
Let b(f) = -297*f - 49. Give b(-1).
248
Let a(t) = -t**3 + 4*t**2 - 3*t - 3. Give a(4).
-15
Let f(u) = -3*u - 71. Give f(-8).
-47
Let k(x) = 1950*x - 38997. Calculate k(20).
3
Let m(h) = 11*h**3 + 54*h**2 - 4*h + 6. Calculate m(-5).
1
Let j(c) = c**2 - 15*c - 276. Give j(26).
10
Let r(x) = -19*x**2 - 89*x + 30. Give r(-5).
0
Let i(p) = -p**2 - 136*p - 329. Calculate i(-131).
326
Let l(a) = 1729*a + 5184. Give l(-3).
-3
Let c(k) = 21*k**2 + 2*k + 6. Give c(0).
6
Let a(l) = -2*l**3 - 13*l**2 - 25*l - 22. Calculate a(-4).
-2
Let r(u) = 5*u**2 + 48*u + 97. Determine r(-2).
21
Let o(j) = j - 33. Give o(24).
-9
Let t(s) = 152*s - 8685. Calculate t(57).
-21
Let l(v) = 12*v - 251. Give l(19).
-23
Let v(f) = 743*f + 2230. Give v(-3).
1
Let g(n) = -n**2 - 210*n + 3305. Calculate g(15).
-70
Let d(k) = k**2 - 178*k + 2704. What is d(17)?
-33
Let h(u) = 12*u - 15. Give h(-3).
-51
Let v(w) = -3*w**3 + 18*w**2 + 607*w - 3097. Calculate v(5).
13
Let z(c) = -3*c**3 - 5*c**2 + 24*c - 16. What is z(2)?
-12
Let i(z) = 99*z - 198. Determine i(2).
0
Let q(n) = -n**3 - 6*n**2 + 90*n - 22. What is q(-13)?
-9
Let i(o) = 18*o**3 + o**2 - 69*o + 69. Give i(1).
19
Let i(n) = -2*n**3 + 213*n**2 - 295*n - 2091. Determine i(105).
9
Let x(z) = -46*z**2 + 555*z - 17. Give x(12).
19
Let k(l) = -52*l - 638. Give k(-13).
38
Let b(o) = 644*o + 1349. What is b(-2)?
61
Let m(u) = -4*u**2 - 3*u - 8. Determine m(-3).
-35
Let o(d) = d**3 + 619*d**2 + 10236*d + 35. What is o(-17)?
1
Let q(p) = -654*p + 2055. Calculate q(3).
93
Let d(v) = 398*v - 4900. Determine d(12).
-124
Let c(a) = -51*a - 482. What is c(-12)?
130
Let t(f) = 6*f + 156. What is t(17)?
258
Let u(r) = 63*r + 1839. Give u(-29).
12
Let t(k) = k**3 - 10*k**2 - 5*k + 122. Determine t(7).
-60
Let y(i) = i**3 + 12*i**2 + 41*i + 207. What is y(-10)?
-3
Let g(s) = -269*s + 19. Determine g(0).
19
Let k(g) = -60*g + 1037. Calculate k(17).
17
Let g(p) = -9*p**2 - 22*p + 170. Give g(7).
-425
Let g(t) = -7*t**2 - 12*t + 108. Give g(3).
9
Let h(r) = -48*r**2 - 10*r + 41. Determine h(3).
-421
Let b(v) = -119*v - 1732. Determine b(-13).
-185
Let v(j) = 5*j**2 + 195*j + 1001. Calculate v(-5).
151
Let x(h) = -h**2 + 60*h - 463. Determine x(11).
76
Let w(r) = 202*r - 9071. Determine w(45).
19
Let j(n) = n**3 + 5*n**2 + n + 6. Determine j(4).
154
Let n(a) = -229*a**3 - 13*a**2 + 12*a. Determine n(1).
-230
Let f(y) = 10*y**3 + 359*y**2 + 353*y - 7. Calculate f(-1).
-11
Let i(k) = k**3 + 25*k**2 - 444*k - 3. Give i(-37).
-3
Let t(s) = -2*s**2 - 122*s + 813. Give t(6).
9
Let r(w) = 9*w + 1121. Give r(-126).
-13
Let k(c) = -472*c + 2340. Determine k(5).
-20
Let g(c) = 12*c**2 - 320*c + 159. What is g(26)?
-49
Let d(s) = 3*s**3 + 38*s**2 - 69*s - 189. Calculate d(-14).
-7
Let a(s) = 23*s - 35. Give a(-11).
-288
Let l(o) = -o**2 - 169*o + 22594. Calculate l(-257).
-22
Let n(y) = -y**2 - 19*y - 27. What is n(-17)?
7
Let d(o) = 161*o - 1264. Determine d(8).
24
Let u(f) = -1440*f - 4312. What is u(-3)?
8
Let v(k) = 42*k - 893. Give v(22).
31
Let b(p) = -654*p - 32709. What is b(-50)?
-9
Let c(t) = t**2 - 5*t - 66. What is c(12)?
18
Let y(n) = n**3 - 5*n**2 - 7. What is y(5)?
-7
Let w(j) = 154*j - 1222. Determine w(10).
318
Let b(m) = m**3 - 15*m**2 + 1304*m - 18053. Give b(14).
7
Let c(q) = 40*q**3 - 88*q**2 - 2. Calculate c(2).
-34
Let v(i) = -i - 46. Calculate v(-16).
-30
Let v(z) = -42*z + 83. What is v(-4)?
251
Let t(j) = -j**3 - 55*j**2 - 239*j + 55. Determine t(-5).
0
Let n(m) = 14*m - 713. Determine n(39).
-167
Let a(y) = -9362*y - 28087. Determine a(-3).
-1
Let a(g) = -g**3 + 58*g**2 - 266*g + 41. Determine a(53).
-12
Let f(p) = 2*p**2 + 21*p + 8. Give f(-8).
-32
Let w(s) = -s**3 + 28*s**2 + 171. Give w(28).
171
Let t(q) = -8*q + 23. What is t(-22)?
199
Let x(g) = 26*g + 67. Determine x(-9).
-167
Let h(y) = -323*y - 4192. Give h(-13).
7
Let i(b) = -141*b - 538. What is i(-4)?
26
Let w(f) = 19*f - 108. What is w(21)?
291
Let a(r) = -2*r**2 - r - 170. Calculate a(0).
-170
Let q(j) = -20*j**3 + 2*j**2 - 81*j - 15. Give q(0).
-15
Let x(b) = 4744*b - 18985. Give x(4).
-9
Let q(s) = s**2 + 44*s + 289. Determine q(-36).
1
Let u(g) = -g**3 + 100*g**2 + 7*g - 681. Determine u(100).
19
Let h(z) = z**3 - 35*z**2 + 23*z + 629. What is h(5)?
-6
Let h(z) = 3*z**2 - 149*z + 56. Calculate h(49).
-42
Let s(h) = -3*h**3 - h**2 - h. What is s(-1)?
3
Let x(y) = 2*y**2 + 61*y + 3. Determine x(-9).
-384
Let m(y) = -5*y - 39. Determine m(-10).
11
Let c(d) = -3*d**2 - 35*d + 13. Determine c(6).
-305
Let p(m) = 143*m - 167. Give p(4).
405
Let v(g) = -25*g + 722. Give v(25).
97
Let w(u) = 25*u + 532. Determine w(-21).
7
Let m(u) = 4*u**2 + 1977*u + 43366. Give m(-23).
11
Let s(v) = 6*v - 79. Determine s(9).
-25
Let r(v) = -33*v**2 - 26*v - 3. Calculate r(-2).
-83
Let h(s) = 5620*s - 78679. Calculate h(14).
1
Let v(d) = -23*d**2 + 216*d - 3. Determine v(9).
78
Let m(c) = -269*c + 74. Give m(-3).
881
Let f(w) = -2*w**3 - 9*w**2 - 918*w - 5596. Determine f(-6).
20
Let d(o) = 403*o - 3960. What is d(10)?
70
Let j(t) = -33*t**3 + 12671*t**2 + 382*t + 781. Determine j(384).
13
Let l(x) = -x**3 + 10*x**2 + 10*x - 22. What is l(11)?
-33
Let g(b) = 8976*b + 35932. Give g(-4).
28
Let q(d) = -d**3 - 36*d**2 + 34*d - 237. Give q(-37).
-126
Let g(b) = -b**2 - 15*b + 95. Calculate g(-19).
19
Let b(m) = -41*m - 230. Calculate b(-4).
-66
Let h(k) = k**2 + 289*k + 1683. Determine h(-6).
-15
Let x(w) = -w**3 - 15*w**2 + 5*w + 88. Calculate x(-15).
13
Let d(k) = -8*k - 252. Give d(-28).
-28
Let x(y) = -110*y - 993. Give x(-9).
-3
Let h(p) = -p**2 - 197*p - 3068. Calculate h(-17).
-8
Let x(z) = 976*z - 24409. Calculate x(25).
-9
Let o(t) = 18*t - 258. What is o(41)?
480
Let a(i) = 6*i**2 - 492*i - 490. Determine a(-1).
8
Let c(p) = -p**3 + 19*p**2 + 71*p + 88. What is c(23)?
-395
Let x(m) = -3*m**2 - 339*m + 1042. Calculate x(-116).
-2
Let k(c) = -c + 400. Calculate k(-3).
403
Let o(d) = 135*d**3 - d**2 + 12*d + 23. Calculate o(-2).
-1085
Let n(a) = -a**3 + 15*a**2 - 34*a + 26. Give n(14).
-254
Let x(n) = 42*n**2 - 15*n + 29. Calculate x(2).
167
Let g(v) = -4*v - 87. Give g(-25).
13
Let j(f) = 42*f**2 - 18*f + 1. Give j(1).
25
Let i(o) = -23*o - 894. Determine i(-38).
-20
Let w(j) = 621*j + 3121. Give w(-5).
16
Let m(g) = 25*g + 112. Give m(-13).
-213
Let t(z) = -12*z**2 - 484*z + 2524. Give t(-45).
4
Let h(u) = u**3 + 5*u**2 + 7*u + 8. Give h(-4).
-4
Let s(t) = -2*t**3 - 125*t**2 - 61*t - 129. Calculate s(-62).
-191
Let a(x) = 2*x**2 - 133*x - 494. What is a(70)?
-4
Let n(p) = -2510*p - 7393. What is n(-3)?
137
Let j(r) = 14590*r - 116705. Give j(8).
15
Let d(o) = o**3 - o**2 + 7*o + 20. Give d(3).
59
Let q(u) = -4193*u + 20961. Calculate q(5).
-4
Let a(x) = -x**2 - 24*x - 133. Calculate a(-16).
-5
Let h(l) = -2*l**3 + 5*l**2 - 8*l + 3. Give h(4).
-77
Let r(x) = 15*x - 80. Det